me factors of j?
5, 43, 89
Let f(w) = 12441*w - 379. What are the prime factors of f(6)?
23, 3229
Let y(j) = 14*j**3 - 5*j**2 + 55*j - 340. What are the prime factors of y(6)?
2, 13, 109
Suppose 20*j + 96 = 12*j. List the prime factors of (-8)/3*2070/j.
2, 5, 23
Suppose 4*d + 11677 = 5*w, 3*w = -3*d + 5*d + 7005. Suppose 1627 = 3*a - w. List the prime factors of a.
2, 3, 5, 11
Suppose 4*g = -5*r + 9627, -6*g + 4*r = -3*g - 7166. List the prime factors of g.
2, 11, 109
Suppose -19950 = 2*a - 3*a - 4*o, -o = 3*a - 59905. List the prime factors of a.
2, 5, 1997
Let o = -41 - -43. Suppose 2*s - 4*s - z + 222 = 0, -2*s + o*z = -222. List the prime factors of s.
3, 37
Let s(q) = -3 - 12*q + 0*q + 3*q - 18*q. Let r be s(1). Let x = 107 + r. What are the prime factors of x?
7, 11
Let w(f) = -f**3 + 19*f**2 + 3*f + 27. Suppose 3*g = -2*c + 53, 2*c - 27 = g + 6. Let d be w(c). What are the prime factors of (-4 - (-6 - 0)) + d?
2, 43
Let g = 422 - 422. Suppose g = -a + 2*h + 934, 3722 = 5*a - a - h. What are the prime factors of a?
2, 3, 5, 31
Suppose -3*f + 5*w = -28198, f + f - 4*w - 18802 = 0. What are the prime factors of f?
9391
Suppose -330 = -3*w + 5*k + 3691, -5*w - 3*k + 6679 = 0. List the prime factors of w.
7, 191
Let n(m) = m**3 + 2*m**2 - 4*m - 3. Suppose -w = 3 - 0. Let t be n(w). Suppose t = -2*b - 2*b + 96. What are the prime factors of b?
2, 3
Suppose g = -4*g + 9678 - 3133. What are the prime factors of g?
7, 11, 17
What are the prime factors of -54 - -53 - 3225/(-1)?
2, 13, 31
Let q = 2 - 27. Suppose 4*u + 387 = -3*j, 50*j + 634 = 45*j - 3*u. Let r = q - j. List the prime factors of r.
2, 5
List the prime factors of (55 + 23)*(-2965)/(-15).
2, 13, 593
Let x = 264 - 120. Let i be (10/(-3))/((-2)/x*2). Let t = -60 + i. List the prime factors of t.
2, 3, 5
List the prime factors of ((-12)/(-14))/(654/18908666).
2, 12391
Suppose 214*s - 212*s + 3657 = d, -d - s = -3663. List the prime factors of d.
7, 523
Suppose 1 = a + 4*z, a + z - 14 = -2*a. Suppose 0 = a*j, j + 20 = 5*v - 60. Let s = v - -36. What are the prime factors of s?
2, 13
What are the prime factors of 1004/((-10444)/(-651) + -16)?
3, 31, 251
Let w(t) = 150*t - 25. Let n be w(3). Suppose 3*j + 4*q = n + 548, 5*q - 339 = -j. What are the prime factors of j?
11, 29
Suppose -3*p + 64332 = -3*d - 41514, -20*d = -17*d. List the prime factors of p.
2, 13, 23, 59
Let c(w) = 7*w**2 - 99*w + 16. Let d be c(14). Suppose -d*v - 3*k = -1805, -k + 3*k - 3606 = -4*v. List the prime factors of v.
17, 53
List the prime factors of (6/((-18)/(-9507)))/((75/85)/15).
17, 3169
What are the prime factors of -9 - (7/((-84)/426414)*2 + 7)?
41, 1733
Let k = -448 - -648. Let u = 286 - k. List the prime factors of u.
2, 43
Suppose 0 = -5*j + 41 - 51, -35*w + 59041 = 2*j. List the prime factors of w.
7, 241
Suppose -4*w - 1364 = -5*y, y - 5*y - w + 1087 = 0. Suppose 2*g + 18 = 8*g. Suppose 2*x = -g*b + y, 73 = 3*b + x - 195. What are the prime factors of b?
2, 11
Suppose -2*t - 130 = 5*i + 16, 3*i - 3*t + 96 = 0. Let n = 75 - i. List the prime factors of n.
3, 5, 7
Suppose 0 = -c + 2*c + 14. Let p(t) = 2*t + 30. Let h be p(c). What are the prime factors of 90/12 - 1/h?
7
Suppose -r + 65 = -5*h + r, 39 = -3*h - 4*r. Let t = 16 + h. Suppose 3*b = 4*q - 370, -2*q - t*b = -5*b - 186. List the prime factors of q.
7, 13
Let j = 12695 + 5227. Suppose 40*p + 18*p = j. List the prime factors of p.
3, 103
Let r be 5934/(-9) - ((-17)/(-3) - 6). What are the prime factors of (r*10/25)/((-2)/5)?
659
Let l(a) = -40*a - 240. Let k be l(-6). Suppose -2897 = -3*i - f - 132, k = -5*i - f + 4609. What are the prime factors of i?
2, 461
Let g(q) = 724*q - 1121. What are the prime factors of g(7)?
3947
Let l = 46 + -43. Suppose l*x = x + 78. Let c = -8 + x. List the prime factors of c.
31
Suppose 0 = 5*z + 17*z - 75570. Suppose 0 = -12*n + 141 + z. List the prime factors of n.
2, 149
Let i(o) = -o**3 - 11*o**2 - 13*o + 1. Let v(f) = f**2 - 14*f - 82. Let z be v(18). List the prime factors of i(z).
31
Let r = -506 - -352. Let b = r - -292. Let g = b + -66. What are the prime factors of g?
2, 3
Let p(h) be the first derivative of 16*h**3/3 + 4*h**2 - 25*h - 66. What are the prime factors of p(4)?
263
Suppose 1826 + 23990 = 14*a. Suppose 4*b + a = 4*m, 0 = -4*m - b + 1659 + 200. What are the prime factors of m?
2, 29
Let q(p) be the first derivative of -p**4/4 + 3*p**3 + 11*p**2/2 - 2*p + 2. What are the prime factors of q(9)?
97
Let u be -6 - -185 - (2 + 0 + 1). Let o = u + -429. Let x = o + 361. List the prime factors of x.
2, 3
Suppose 1754*i - 1712*i = 301266. List the prime factors of i.
3, 797
Let z(w) = -49*w**2 - 4*w - 15. Let t be z(-3). List the prime factors of ((-10)/(-20))/((-3)/t).
2, 37
Suppose -1950176 = -345*m + 5896504. List the prime factors of m.
2, 2843
Suppose 3*a = 2565 + 1920. Suppose w + 18*f - a = 14*f, 2*f = 2*w - 2940. List the prime factors of w.
5, 59
Let g(v) = 11*v**2 + v - 17. Let r = -73 + 66. Let y be g(r). Suppose -y = -5*s + 3*w, 5*w - w - 480 = -5*s. List the prime factors of s.
2, 5
Suppose 3*t = -4*v + 81055, 80847 - 20058 = 3*v + 3*t. List the prime factors of v.
2, 10133
Let z(d) = -9*d - 8. Let k(u) = -u - 1. Let l(y) = 6*k(y) - z(y). Let g(c) = -3*c**2 + 28*c + 11. Let w be g(9). What are the prime factors of l(w)?
2, 31
Let b(g) = -g**2 - 10*g + 21. Let v be b(-11). Suppose v*d = 6*d. List the prime factors of (-7 - 33)/(d + 4/(-10)).
2, 5
Let g(s) = 2*s**2 + 19*s + 1. Suppose -3*k + 14 + 46 = 0. What are the prime factors of g(k)?
1181
Suppose 0 = 160*h - 21*h - 64496. What are the prime factors of h?
2, 29
Suppose -g + 30 = -3*g. Let c be (-4 + (-23 - 17))*4/8. Let b = g - c. What are the prime factors of b?
7
Let h(b) be the third derivative of -b**6/120 - 7*b**5/60 + b**4/24 + 243*b**3/2 - 11*b**2. List the prime factors of h(0).
3
Let u(n) = -219 + 106 + 108 + 576*n. What are the prime factors of u(1)?
571
Let d = 13569 - 5884. List the prime factors of d.
5, 29, 53
Let b be ((-24)/72)/(2/(-30)). Suppose 0 = y + 3*n - 541, 2667 = 5*y + n - b*n. List the prime factors of y.
5, 107
Let i = -3185 + 2138. Let m = -668 - i. List the prime factors of m.
379
Let a = 222 + 427. What are the prime factors of a?
11, 59
Suppose q = 328 + 1940. Suppose 85*x - 91*x = -q. List the prime factors of x.
2, 3, 7
Suppose -3*a + 3*w = 7 - 19, -4*w - 7 = 5*a. Let f be a/((-4)/12) - 0 - -155. Suppose -8*b + 448 = -f. List the prime factors of b.
3, 5
Let q = 72148 + -40672. List the prime factors of q.
2, 3, 43, 61
Let w(n) = 8 + 3 - 6 - n. Let q be w(0). Suppose q*f - 699 + 79 = 0. List the prime factors of f.
2, 31
Suppose 139*o = 617501 + 421107. What are the prime factors of o?
2, 467
Let y(d) = 4*d**3 + 3*d**2 + 12*d + 7. Let x be y(6). Suppose -3*u + 5*u - 1049 = -3*i, -x = -3*i - 4*u. List the prime factors of i.
349
Suppose -6*y - 162 = -846. Suppose y + 1272 = 18*q. What are the prime factors of q?
7, 11
Suppose -2426 = -2*o + 5*h, 4 = -h + 2*h. Let a = -793 + o. List the prime factors of a.
2, 5, 43
Let a be (4/6)/(4/78) - 1. Suppose 458 = v - 2*l, -a*v + 1376 = -9*v - 4*l. List the prime factors of v.
2, 5, 23
Let l = -42 + 47. Suppose -85 = -2*n + l*y, 159 = 4*n - y - 2. Let i = 8 + n. What are the prime factors of i?
2, 3
Let j = -11294 - -17382. List the prime factors of j.
2, 761
Suppose 0 = 5*k - 0*k + 215. Let i = k + 39. List the prime factors of ((-6)/2 - i) + 9.
2, 5
Suppose 5*v - 12179 = -r, -r = 2*v - 308 - 4563. What are the prime factors of v?
2, 3, 7, 29
Let l = 202992 + -134162. What are the prime factors of l?
2, 5, 6883
Suppose 2*j + 432 = 1440. Suppose -g = y - 228, -3*y + 185 = 2*g - j. Suppose -y = -4*z + 3. List the prime factors of z.
59
Let i(o) = -o**2 + 15 + 15 + 3*o - 8*o. What are the prime factors of i(-6)?
2, 3
Let p(c) = c**3 + 4*c**2 - 7*c - 7. Let n be p(-5). Suppose -n*y + 0*y - 60 = -3*j, 0 = 4*j - 2*y - 88. Let o = j + 86. What are the prime factors of o?
2, 5, 11
Suppose 4*l - 5*w = 39810, -2*l - 715*w + 19902 = -717*w. What are the prime factors of l?
3, 5, 13, 17
Let q = -91 + 28. Suppose 12*i = 5*w + 17*i - 375, 0 = w - 5*i - 93. Let f = w + q. What are the prime factors of f?
3, 5
Let l(x) = -217*x**2 - 3*x - 6. Let y = -50 + 47. Let p be l(y). L